when 31469 is divided by 10.
9
Calculate the remainder when 22839 is divided by 404.
215
Calculate the remainder when 20857 is divided by 5204.
41
What is the remainder when 4948 is divided by 85?
18
What is the remainder when 392467 is divided by 301?
264
Calculate the remainder when 4319 is divided by 196.
7
What is the remainder when 50516 is divided by 25203?
110
Calculate the remainder when 42804 is divided by 96.
84
Calculate the remainder when 13929 is divided by 367.
350
What is the remainder when 1038056 is divided by 730?
726
Calculate the remainder when 704140 is divided by 6.
4
Calculate the remainder when 25601 is divided by 366.
347
What is the remainder when 10107 is divided by 2487?
159
Calculate the remainder when 2376 is divided by 768.
72
What is the remainder when 5368 is divided by 299?
285
What is the remainder when 3889 is divided by 953?
77
What is the remainder when 10599 is divided by 237?
171
What is the remainder when 12536 is divided by 16?
8
What is the remainder when 212815 is divided by 30?
25
What is the remainder when 82292 is divided by 82265?
27
Calculate the remainder when 7247 is divided by 658.
9
What is the remainder when 94903 is divided by 37?
35
What is the remainder when 5472 is divided by 390?
12
Calculate the remainder when 17513 is divided by 427.
6
Calculate the remainder when 11122 is divided by 108.
106
What is the remainder when 26801 is divided by 975?
476
Calculate the remainder when 244644 is divided by 39.
36
What is the remainder when 6270 is divided by 69?
60
What is the remainder when 233701 is divided by 23?
21
What is the remainder when 169975 is divided by 56656?
7
What is the remainder when 40259 is divided by 6?
5
Calculate the remainder when 24889 is divided by 12441.
7
Calculate the remainder when 1371 is divided by 41.
18
Calculate the remainder when 70819 is divided by 331.
316
What is the remainder when 7660 is divided by 1185?
550
What is the remainder when 6665 is divided by 47?
38
What is the remainder when 30486 is divided by 1316?
218
Calculate the remainder when 4415 is divided by 1470.
5
What is the remainder when 8704 is divided by 300?
4
What is the remainder when 6198 is divided by 116?
50
What is the remainder when 410777 is divided by 94?
91
Calculate the remainder when 2226335 is divided by 20.
15
Calculate the remainder when 12013 is divided by 1019.
804
Calculate the remainder when 104732 is divided by 26172.
44
Calculate the remainder when 17078 is divided by 356.
346
What is the remainder when 23490 is divided by 3354?
12
What is the remainder when 16059 is divided by 374?
351
Calculate the remainder when 3703 is divided by 310.
293
What is the remainder when 30869 is divided by 105?
104
Calculate the remainder when 21304 is divided by 74.
66
Calculate the remainder when 17285 is divided by 113.
109
Calculate the remainder when 10073 is divided by 17.
9
Calculate the remainder when 1213 is divided by 498.
217
Calculate the remainder when 32068 is divided by 294.
22
Calculate the remainder when 26741 is divided by 39.
26
Calculate the remainder when 36655 is divided by 793.
177
What is the remainder when 658 is divided by 648?
10
What is the remainder when 150790 is divided by 31?
6
Calculate the remainder when 192083 is divided by 296.
275
Calculate the remainder when 6924 is divided by 989.
1
Calculate the remainder when 1173 is divided by 64.
21
What is the remainder when 2956 is divided by 346?
188
What is the remainder when 58877 is divided by 34?
23
Calculate the remainder when 17561 is divided by 439.
1
What is the remainder when 2633 is divided by 638?
81
What is the remainder when 219 is divided by 43?
4
Calculate the remainder when 5327 is divided by 291.
89
What is the remainder when 2713 is divided by 983?
747
What is the remainder when 25330 is divided by 120?
10
Calculate the remainder when 15919 is divided by 5.
4
Calculate the remainder when 2471 is divided by 496.
487
Calculate the remainder when 9905 is divided by 70.
35
What is the remainder when 51278 is divided by 552?
494
What is the remainder when 52681 is divided by 142?
141
Calculate the remainder when 14043 is divided by 1561.
1555
What is the remainder when 35311 is divided by 1608?
1543
What is the remainder when 1552 is divided by 461?
169
What is the remainder when 6553 is divided by 419?
268
What is the remainder when 8006 is divided by 421?
7
Calculate the remainder when 409141 is divided by 25.
16
Calculate the remainder when 42622 is divided by 143.
8
What is the remainder when 3110 is divided by 1551?
8
What is the remainder when 501333 is divided by 422?
419
What is the remainder when 500817 is divided by 13?
5
Calculate the remainder when 170987 is divided by 17098.
7
Calculate the remainder when 36281 is divided by 1814.
1
What is the remainder when 118541 is divided by 118527?
14
Calculate the remainder when 52028 is divided by 8662.
56
What is the remainder when 42173 is divided by 1916?
21
Calculate the remainder when 7741 is divided by 30.
1
Calculate the remainder when 247507 is divided by 265.
262
Calculate the remainder when 23177 is divided by 1154.
97
Calculate the remainder when 281 is divided by 26.
21
Calculate the remainder when 18214 is divided by 414.
412
What is the remainder when 10803 is divided by 148?
147
Calculate the remainder when 5194138 is divided by 14.
12
Calculate the remainder when 33783 is divided by 2002.
1751
What is the remainder when 82129 is divided by 8207?
59
Calculate the remainder when 267931 is divided by 6698.
11
What is the remainder when 1046 is divided by 277?
215
Calculate the remainder when 691822 is divided by 112.
110
What is the remainder when 2684 is divided by 2?
0
Calculate the remainder when 295397 is divided by 22.
3
What is the remainder when 1096 is divided by 597?
499
Calculate the remainder when 5158 is divided by 43.
41
Calculate the remainder when 10687 is divided by 2895.
2002
Calculate the remainder when 2213 is divided by 185.
178
Calculate the remainder when 102999 is divided by 11.
6
What is the remainder when 4338 is divided by 399?
348
Calculate the remainder when 68382 is divided by 256.
30
Calculate the remainder when 50387 is divided by 472.
355
What is the remainder when 50979 is divided by 990?
489
What is the remainder when 23654 is divided by 2149?
15
Calculate the remainder when 30530 is divided by 15261.
8
What is the remainder when 9950 is divided by 5?
0
What is the remainder when 55099 is divided by 290?
289
Calculate the remainder when 1082 is divided by 185.
157
What is the remainder when 19330 is divided by 114?
64
Calculate the remainder when 121055 is divided by 356.
15
What is the remainder when 11847 is divided by 2961?
3
What is the remainder when 28963 is divided by 701?
222
Calculate the remainder when 15028 is divided by 1252.
4
Calculate the remainder when 275 is divided by 231.
44
Calculate the remainder when 6937901 is divided by 16.
13
What is the remainder when 40656 is divided by 4496?
192
What is the remainder when 19384 is divided by 1722?
442
What is the remainder when 2344 is divided by 320?
104
Calculate the remainder when 8596 is divided by 1074.
4
Calculate the remainder when 17643 is divided by 173.
170
What is the remainder when 13019 is divided by 2?
1
What is the remainder when 56290 is divided by 248?
242
Calculate the remainder when 10836033 is divided by 36.
33
Calculate the remainder when 282 is divided by 12.
6
What is the remainder when 323840 is divided by 377?
374
Calculate the remainder when 40953 is divided by 353.
5
What is the remainder when 134639 is divided by 510?
509
What is the remainder when 21312 is divided by 172?
156
Calculate the remainder when 12009 is divided by 1000.
9
What is the remainder when 6639 is divided by 60?
39
Calculate the remainder when 27191 is divided by 264.
263
What is the remainder when 560843 is divided by 577?
576
What is the remainder when 123034 is divided by 49?
44
Calculate the remainder when 365435 is divided by 5894.
7
Calculate the remainder when 747869 is divided by 125.
119
Calculate the remainder when 46577 is divided by 7.
6
What is the remainder when 10974 is divided by 180?
174
What is the remainder when 24